) = 16*p. What is z(r)?
96
Let z(w) = 5*w**2 + w - 8. Let v(c) = 6*c**2 + 2*c - 9. Let b(i) = 4*v(i) - 5*z(i). Let d(p) = 6*p + 161. Let r be d(-26). Give b(r).
-6
Suppose 3*j + 53 = 59, -2*j = 2*k - 8. Let a = 22 - 13. Let r(u) = -a + 6 + 3 + u - k. Calculate r(-4).
-6
Suppose -42*m = -44*m + 4*p + 26, 0 = -3*m - p + 18. Let l(n) = n**3 - 7*n**2 - 10*n + 48. Give l(m).
-22
Suppose 4*n + 117 = 17*n. Suppose 8*a - n = 23. Let i(r) = -r**3 + 4*r**2 - r - 2. Determine i(a).
-6
Let f(z) = 217*z**3 - 216*z**3 - 2 - 69 - 33*z**2 + 34*z. Let d be f(32). Let o(b) = 1 + 8 - b + 1. Calculate o(d).
17
Let b be 3/2*((-9100)/(-75))/(-26). Let q(m) = -m**2 + 16*m + 165. Calculate q(b).
4
Let q(z) = z**2 + 19*z + 54. Let y be q(-16). Let h(f) be the second derivative of 2*f**3/3 - 21*f**2/2 + 4*f - 10. Give h(y).
3
Let o = 849 + -848. Let q(b) = 3 - 1784*b + 1785*b - o + 0 - 11*b**2. Determine q(-1).
-10
Suppose 51*b + 44 = 7*b. Let w(h) be the third derivative of h**5/10 + h**4/8 + h**3/6 + 5*h**2 - 6. Give w(b).
4
Suppose -c + 8*j + 6 = 7*j, 4*j = 3*c - 13. Suppose 1404*t - 1405*t = c. Let a(y) = y**3 + 10*y**2 - 13*y - 15. What is a(t)?
7
Let b(h) = -h**3 - 14*h**2 + 16*h + 18. Let u(j) = -23*j - 11*j - j**3 + 24*j - 15 + 11*j**2. Let o be u(10). Give b(o).
3
Suppose -1324*s + 1267*s = 0. Let f(o) be the third derivative of 0 + 1/2*o**3 + 13*o**2 + s*o + 1/24*o**4. What is f(6)?
9
Let u(r) = 39*r - 631. Let n = -14847 - -14863. Determine u(n).
-7
Let l(v) be the third derivative of -v**6/120 + 7*v**5/20 + 23*v**4/24 - 8*v**3 + 4163*v**2. Determine l(22).
-26
Let k(u) = u**2 - 4*u - 4. Suppose -4*d + 8*d = 10*d. Suppose -3*h = -7*h + 104. Suppose d = -4*i - 6 + h. What is k(i)?
1
Let j(l) = 3975 - 8146 + l + 4040 - 5*l. Calculate j(-26).
-27
Let p(v) = v**2 + 25*v + 50. Suppose -3*y - 65 = 2*i, i - 4 = -y - 33. What is p(i)?
-16
Let f(l) = 11*l + 9. Let j(v) = 22*v + 16. Let d(o) = -11*f(o) + 6*j(o). Let c(m) = 1. Let n(q) = 2*c(q) + d(q). Calculate n(1).
10
Let r(l) = l**3 + 7*l**2 + 13*l + 1. Let g = -6044 + 6041. What is r(g)?
-2
Let i be 232/5*(6 - 35/10). Let n = -98 + i. Suppose 0 = 3*b + n + 3. Let u(w) = -w**3 - 6*w**2 + 6*w + 1. Give u(b).
8
Let k(b) be the first derivative of -1/2*b**2 - 14*b + 19/3*b**3 + 1/4*b**4 + 6. Let s be k(-19). Let c(j) = j**2 - 7*j - 1. Give c(s).
-11
Let h(w) = 425 - 14*w**2 - 216 - w**2 - 216 - 2*w**3 + 3*w**3 + 29*w. Give h(13).
32
Let y(l) be the first derivative of 2*l**2 - l - 3. Suppose 22*f - 6 = 26*f - 2*p, -3*f + 18 = 3*p. What is y(f)?
3
Let v(y) = y**2 - 2134*y - 2131*y + 4256*y + 12. Suppose 0 = m - 13 + 5. Determine v(m).
4
Let t(o) = 0*o**2 - 2 - 4*o**2 - 5*o - o**2 + 3*o**2. Let y(q) = -36*q + 22. Let z be y(-4). Let l = -169 + z. Calculate t(l).
-5
Suppose 3*a - b = -5*b + 134, 4*b = 2*a - 96. Let i(u) = -4*u**2 - 36 + a + 3*u - 9. Determine i(-2).
-21
Let o = 4 - 2. Let r(p) = p**2 - o*p**2 - 2 + 1. Let g = -18589 - -18592. Give r(g).
-10
Let s = -75 - -77. Suppose -5 = 2*d + s*t + 15, 3*d + 38 = -5*t. Let y(w) = w + 7. What is y(d)?
1
Let i(c) be the second derivative of c**4/12 - c**3/2 - 7*c**2/2 - c. Let p be ((-3)/3)/((-240)/1440). What is i(p)?
11
Let d be (2/7)/((-12)/(-168)). Let p(z) = d*z**2 - 4*z**2 + z - z**2 + 0*z + z**3 + 14. Suppose 2*j - 4*m - 15 = -3, 3 = -5*j - m. What is p(j)?
14
Suppose 5*w + 3 - 62 = s, 4*s + 52 = -3*w. Let p(i) = i**2 + 22*i + 32. What is p(s)?
-25
Let b be 18*18/972*117. Let v(s) = 2*s**2 - 74*s - 151. What is v(b)?
5
Let s(w) = 3*w**2 - 5*w**2 + 4 + 8*w - 4*w**2 - 12 + 5*w**2. Suppose -2 = -u + 5. Calculate s(u).
-1
Let p(l) = 4*l + 39. Suppose 102*w + 21*w - 12*w - 777 = 0. Determine p(w).
67
Let s(z) be the first derivative of 21*z**2 - 213*z - 11892. Calculate s(5).
-3
Let o(s) = -s**2 - 39*s + 48*s - 269 - 260 - 261 + 804. What is o(-7)?
-98
Suppose 11*f = 14*f - 24. Let c(z) = 19 - 1 + 0 - 10 - 7 - f*z. Suppose -3*u - 3 = -3*i, -5*u = 2*i - u + 22. Determine c(i).
25
Suppose -5*a = 165 + 45. Let d be 0 - ((-2)/(-8) - a/(-8)). Suppose 3*y = -d*o - 40, -y - 6 = o + 4. Let l(p) = 2*p**2 + 3*p - 7. What is l(y)?
28
Let h(q) = 8*q + 1. Let g(d) = -17*d - 14. Let n be g(-1). Suppose 3*s - 2*w = -s - 24, 12 = n*w. Calculate h(s).
-31
Suppose 1 = r - 1, -5*x + 18121 = -2*r. Let h(d) = 0*d + 0 + 3624*d**2 - x*d**2 - 9*d + 1. Calculate h(-9).
1
Let a(w) be the second derivative of w**3/6 + 11*w**2/2 + w. Suppose 0*c - 12*c + 48 = 0. Suppose 0 = -3*g + o - 32, -c*g - 9 = 4*o + 23. Determine a(g).
1
Let q(n) = n**2 + 16*n + 16. Let x(b) = -2*b**2 + 6*b - 4. Let i be x(4). Let j be q(i). Let k be j/18 + 28/(-126). Let c(r) = -3*r. Determine c(k).
6
Let w(j) = -j**2 + 3*j + 5. Suppose -587*v + 234 = -578*v. Suppose v = -2*f + 36. Give w(f).
-5
Let z(f) = f - 459 + f + 458. Let y(h) = -h**2 - 14*h - 1. Let x(l) = -y(l) - 5*z(l). Let d = -7 - -3. What is x(d)?
6
Let d(p) = p - 3*p + 4*p + 5*p. Suppose -41 = -51*m + 10. Calculate d(m).
7
Let j(m) = -4*m**2 + m**3 + 1 + 13*m**2 + 13*m - 3*m. Suppose -6*d + 7 = -5. Let c be (-6)/(-4) + (-19)/d. Give j(c).
-15
Let m(o) = 2*o**2 + 6*o - 3. Let h(a) = -125 + 3*a**2 - a**2 + 110 + 7*a. Let d be h(-8). Let q = 52 - d. Calculate m(q).
17
Let f(k) = -17*k**2 - 41*k + 89. Let w(d) = 37*d**2 + 82*d - 185. Let l(z) = -11*f(z) - 5*w(z). Determine l(-22).
12
Let i(t) = -t**2 + 7*t + 3. Suppose -315 = -4*a - a. Let s = 65 - a. Let c be ((-3)/(-9))/(s - 210/108). What is i(c)?
9
Let h(q) = -11*q - 7. Let r be (-2)/(-6) - 285/45. Let p(f) = 2*f + 1. Let s(w) = r*p(w) - h(w). Determine s(-1).
2
Let l(o) = -o**2 + 5*o + 33. Let r be 7 - (-4 + 4 + 0) - (-4)/2. Calculate l(r).
-3
Let n(g) = 58*g**2 + 119*g + 4. Let z be n(-2). Let m(r) = -11*r**2 - r + 1. What is m(z)?
-41
Let z(t) be the second derivative of 0*t**3 - 1/40*t**5 + 1/2*t**4 - 3*t + 0 + 0*t**2 - 1/720*t**6. Let u(p) be the third derivative of z(p). Calculate u(-5).
2
Let b(c) = -381*c**2 + 765*c**2 - 13*c - 8 - 385*c**2. Give b(-6).
34
Let u(k) = -k**3 - 19*k**2 - 35*k - 2. Suppose -2*t + 10 = 0, -191*t = 2*s - 193*t + 44. Give u(s).
15
Let v = -419 - -425. Let m(c) = 1 - c**2 + 4*c - v*c**2 + 5*c**2 + 0*c**2 + 3*c**2. Determine m(-6).
13
Let b(d) = 133 + 3*d**2 + 5*d - 255 + 141 - 4*d**2. Give b(8).
-5
Let m be ((-7)/(14/8))/((-11)/(10 + 1)). Let j(r) be the first derivative of -r**2 - 2 + 5/3*r**3 + 1/4*r**m + 0*r. What is j(-5)?
10
Let y = 2 - 6. Let g(p) = 10*p + 132. Let n(i) = 12*i + 194. Let q(h) = 3*g(h) - 2*n(h). Determine q(y).
-16
Let s = -306 + 321. Suppose -5*d = s, -3*j - d = -j + 9. Let t(f) = -3*f. Determine t(j).
9
Let j(s) = s + 2. Let p(g) = 4*g**2 - 11*g + 10. Let k be (-3)/2*(-24)/9. Let h be p(k). Suppose -10 = 10*q + h. Give j(q).
-2
Let k(w) be the second derivative of w**3/6 + 5*w**2 + 14*w. Let p be k(-8). Suppose 0 = -2*h + 2, 3*f - p*h + 5*h = -24. Let u(i) = i + 9. Calculate u(f).
0
Let f(t) = -t**2 + 18*t - 65. Suppose 29985*y - 30036*y = -204. Give f(y).
-9
Let s = 6 - 12. Let a(x) be the second derivative of x**4/6 + x**3 + 3*x**2 - 19516*x - 1. Give a(s).
42
Let p(t) = -25*t - 75590 - 13*t + 75603. What is p(2)?
-63
Suppose -20 = -3*r - 5*q + q, -r - q = -5. Suppose 2*y - n + 8 = r, -n = 4*y - 2*n + 14. Let z(f) = f**3 + f**2 - 3*f - 4. What is z(y)?
-13
Let c(p) be the second derivative of p**5/20 - 5*p**4/12 - 7*p**2/2 - p. Suppose -4*x = -s + 5, 6*x = x + 2*s - 7. Let n be (-12)/(x + 7)*10/(-4). Give c(n).
-7
Suppose -4*n + 16 = d, d - 3 = 1. Let w be ((-8)/((-80)/45) + -8)*-6. Suppose 6*h = w + n. Let s(u) = -u**2 + 5*u. Calculate s(h).
4
Let y(l) = 2*l**2 - 24*l + 2. Let p be y(12). Let x(f) = -f + p*f - 192 + 210. What is x(-9)?
9
Let r(u) = -2*u**2 - 3*u - 2. Let d be r(-2). Suppose 3*o + 4*g - 22 = 0, -2*g - 3 = -11. Let m(k) = -16*k**2 + 1 + 27*k**2 - 12*k**o - 3*k. Give m(d).
-3
Let l(u) = 3*u**3 + 13*u**2 - 3*u - 16. Let s(d) = 4*d**3 + 18*d**2 - 5*d - 24. Let w(q) = -7*l(q) + 5*s(q). Give w(-3).
22
Suppose 2*y + 27 = -3*s, -4*y - 5 + 16 = s. Let x(h) = h**3 + 14*h**2 + 15*h + 19. What is x(s)?
-7
Let u(y) = -14*y**3 - 24*y**2 + 4*y + 10. Let c(i) = 5*i**3 + 8*i**2 - i - 3. Let r(t) = 17*c(t) + 6*u(t). Let s = 39 + -24. Let h = s + -8. Calculate r(h).
9
Let i(y) be the third derivative of y**6/120 - y**5/10 - 11*y**4/12 - 19*y**3/3 